 factor of 61920 and 24609330?
3870
What is the highest common divisor of 8153 and 3749065?
263
What is the greatest common factor of 27129856 and 1984?
64
What is the greatest common factor of 506452763 and 51?
17
What is the highest common factor of 145 and 294930?
145
What is the greatest common divisor of 16791669 and 659223?
7407
Calculate the highest common divisor of 145965936 and 768.
48
What is the highest common factor of 61247 and 219?
73
What is the greatest common factor of 5 and 2652028?
1
Calculate the greatest common factor of 588187 and 153253.
331
What is the greatest common factor of 27247966 and 2168?
542
Calculate the highest common divisor of 8 and 20400944.
8
Calculate the greatest common divisor of 2625280 and 1344.
448
What is the greatest common factor of 724 and 55052?
4
What is the highest common divisor of 89939533 and 139?
139
Calculate the greatest common factor of 22 and 66363957.
11
What is the highest common factor of 1503935496 and 112?
56
Calculate the highest common divisor of 6170 and 3841930.
10
Calculate the greatest common divisor of 3230 and 1832170.
190
Calculate the highest common factor of 31667702 and 1122.
374
Calculate the highest common divisor of 70540469 and 31.
31
What is the greatest common divisor of 8048 and 346048?
16
What is the greatest common factor of 9099 and 79053?
3
Calculate the greatest common factor of 7 and 106207.
1
Calculate the greatest common factor of 2655 and 429255.
45
What is the greatest common divisor of 158338650 and 150?
150
What is the greatest common divisor of 3266627 and 91?
91
What is the highest common divisor of 36 and 327196?
4
Calculate the highest common divisor of 17629580 and 180.
20
Calculate the greatest common divisor of 56 and 9591568.
56
What is the greatest common factor of 83148 and 146523?
507
Calculate the greatest common factor of 9968936 and 115.
23
What is the highest common divisor of 21 and 137687571?
21
Calculate the greatest common factor of 3213608 and 1270.
254
Calculate the highest common factor of 776 and 6248.
8
Calculate the greatest common divisor of 278320 and 178423.
497
Calculate the greatest common factor of 74360 and 1532960.
5720
Calculate the greatest common divisor of 189348 and 1113692.
2036
Calculate the greatest common factor of 1364728 and 5332823.
7417
Calculate the greatest common factor of 1965 and 7578915.
15
What is the highest common factor of 34160 and 8435?
35
What is the greatest common factor of 346245 and 345?
15
Calculate the highest common factor of 18044 and 18148.
52
Calculate the greatest common factor of 125 and 18248875.
125
What is the highest common factor of 1990994 and 8938?
218
What is the highest common divisor of 88511339 and 7?
7
What is the greatest common factor of 160273 and 1411?
83
What is the greatest common divisor of 44828910 and 15120?
1890
What is the greatest common factor of 198351656 and 13118?
1874
What is the greatest common factor of 3092287 and 253?
11
What is the highest common divisor of 467385 and 9735?
15
Calculate the greatest common divisor of 1065 and 27441660.
15
What is the highest common factor of 134935970 and 2210?
2210
Calculate the highest common divisor of 142 and 24708.
142
Calculate the highest common factor of 69 and 873623214.
69
What is the highest common factor of 48372 and 51446?
58
Calculate the greatest common factor of 1586550 and 5100.
150
Calculate the greatest common divisor of 1406 and 25080931.
703
What is the highest common factor of 2374155 and 34685?
35
Calculate the highest common divisor of 71111990 and 10.
10
Calculate the greatest common factor of 2856 and 11524758.
42
What is the highest common factor of 146126481 and 17973?
5991
Calculate the greatest common factor of 14195 and 235971.
167
What is the highest common factor of 2782080 and 1116?
36
Calculate the greatest common factor of 3 and 100777617.
3
Calculate the greatest common divisor of 750754268 and 44.
44
What is the greatest common divisor of 1392 and 4675293?
87
What is the highest common divisor of 7022466 and 88?
22
Calculate the highest common factor of 711110 and 29563.
799
What is the greatest common factor of 3615 and 4266905?
1205
What is the greatest common divisor of 280 and 14172520?
40
Calculate the highest common divisor of 14 and 2538342.
2
Calculate the highest common factor of 757275 and 318714.
1317
Calculate the greatest common factor of 95226 and 2147718.
354
Calculate the greatest common divisor of 416 and 603488.
32
Calculate the highest common factor of 16448 and 4606.
2
What is the greatest common factor of 2701244 and 8326?
362
Calculate the highest common factor of 56505734 and 2812.
1406
Calculate the greatest common factor of 32 and 803782.
2
Calculate the highest common factor of 34917146 and 17578.
1034
What is the highest common divisor of 7200 and 127569150?
450
What is the greatest common divisor of 56460 and 195?
15
Calculate the greatest common divisor of 31542656 and 249.
83
What is the greatest common divisor of 45919 and 15128845?
977
Calculate the highest common factor of 54556 and 420900.
92
Calculate the greatest common factor of 1278 and 10668531.
213
Calculate the highest common divisor of 1710416 and 368.
16
What is the greatest common factor of 131720 and 930920?
1480
What is the highest common divisor of 2 and 2746334?
2
Calculate the greatest common divisor of 14919 and 976856336.
4973
Calculate the highest common factor of 14 and 7430542.
14
What is the highest common divisor of 88 and 8903653?
11
What is the highest common factor of 72161718 and 1838?
1838
What is the greatest common divisor of 7320971 and 172481?
997
What is the highest common divisor of 913 and 581?
83
Calculate the greatest common divisor of 6302 and 812452.
46
What is the highest common divisor of 3437189 and 371?
7
Calculate the greatest common factor of 31554 and 178704.
18
What is the greatest common divisor of 91 and 490588?
7
What is the greatest common divisor of 1026766 and 191698?
2626
Calculate the highest common factor of 8154 and 36597870.
2718
What is the greatest common factor of 578166981 and 63?
21
What is the greatest common divisor of 480 and 3214380?
60
Calculate the highest common divisor of 501153092 and 4532.
4532
What is the highest common factor of 5640 and 1063133655?
705
What is the greatest common divisor of 41 and 2755118?
41
What is the greatest common factor of 3207080 and 680?
40
What is the highest common factor of 156 and 2316808?
52
Calculate the highest common factor of 35344575 and 1225.
175
Calculate the highest common divisor of 35774 and 26722.
62
What is the highest common factor of 73097475 and 1815?
165
What is the greatest common factor of 199955 and 7885535?
1015
What is the greatest common factor of 1330028 and 476?
28
Calculate the highest common factor of 22 and 97516012.
22
Calculate the greatest common factor of 10906757 and 107249.
4663
What is the greatest common factor of 37400538 and 4215?
843
What is the greatest common divisor of 3560 and 767180?
1780
Calculate the highest common factor of 159919074 and 504.
126
Calculate the highest common factor of 75 and 986800.
25
Calculate the greatest common divisor of 1456082900 and 100.
100
Calculate the highest common factor of 152 and 5561946.
38
Calculate the greatest common factor of 1592 and 223640.
8
Calculate the highest common divisor of 31002482 and 1932.
322
What is the highest common factor of 81 and 40079?
1
What is the greatest common factor of 1105 and 79789905?
65
What is the greatest common factor of 7806645 and 7560?
945
What is the greatest common factor of 68624480 and 800?
160
What is the highest common divisor of 5700 and 1751060?
20
Calculate the highest common factor of 9191904 and 230232.
4344
Calculate the greatest common divisor of 20679456 and 7224.
168
What is the greatest common factor of 17364793 and 46?
23
What is the highest common factor of 74493 and 4023?
27
What is the highest common factor of 1755049 and 254961?
1349
What is the greatest common divisor of 575344004 and 62?
62
What is the greatest common divisor of 767027 and 207?
23
What is the highest common divisor of 489148 and 30404995?
11117
Calculate the highest common f